-2 - 19. Let z be f(x). Calculate the highest common divisor of z and 16.
16
Let g(k) = k + 7. Let v(y) = -y - 7. Let a(q) = -4*g(q) - 5*v(q). Let b be a(0). What is the greatest common factor of b and 56?
7
Let c be 10/(-4)*(-2)/1. Suppose -5*r + 4*w + 5 = -1, -c = -r - 3*w. Let y = -17 + 25. What is the greatest common divisor of y and r?
2
Let g(z) = -6*z**2 + 3*z - 6. Let q be g(4). Let y = 153 + q. What is the greatest common divisor of y and 9?
9
Let n be 208/20 + 4/(-10). Suppose 3*k = -4*z + n, -z + 2*k = 4*k. Suppose 3*f - 21 = 63. Calculate the highest common factor of f and z.
4
Let q be 0/(2*-2 - -3). Let a = q - -2. Calculate the greatest common factor of 4 and a.
2
Let t be 3/(-6)*100/(-5). Calculate the greatest common divisor of 4 and t.
2
Let s(l) = -2 - 3*l + 7*l + 2*l + l. Let k be s(2). Calculate the greatest common factor of 6 and k.
6
Let n = -171 + 523. Calculate the greatest common factor of 32 and n.
32
Let n(x) = x + 25. Let r be n(-10). Let y = 0 + 0. Let g be (y - 1)*(-16 + 1). Calculate the greatest common factor of g and r.
15
Let s = 50 - 14. What is the highest common divisor of s and 24?
12
Suppose -323 = 14*n - 1303. Calculate the greatest common divisor of 14 and n.
14
Let p = 100 - 49. What is the greatest common divisor of 34 and p?
17
Let v(u) = u**2 + 2*u - 9. Suppose 2*r + 3*r + 80 = 0. Let g = r - -9. Let t be v(g). What is the greatest common factor of 13 and t?
13
Let b = -130 - -190. Calculate the highest common factor of 10 and b.
10
Let z = 63 - 57. What is the highest common divisor of 3 and z?
3
Let w = -12 + 27. Suppose -13*y = -18*y + 155. Let k = 37 - y. What is the highest common divisor of w and k?
3
Let c be 1/((33/168)/11). What is the greatest common divisor of c and 42?
14
Let f(r) = r**2 + r - 1. Let a(l) = -l**2 - 2. Let g(v) = -a(v) + f(v). Let p be g(5). Calculate the highest common divisor of 8 and p.
8
Let d be (-42)/(-7) - 2*1. What is the greatest common factor of d and 16?
4
Let f = 60 - 14. What is the highest common divisor of 69 and f?
23
Suppose 3*r - 42 = -5*k, 5*k = -r - r + 23. What is the highest common divisor of 152 and r?
19
Let j(c) = c**3 - 3*c**2 - c - 3. Let h be j(5). Let r = 64 - h. What is the highest common divisor of 22 and r?
22
Suppose 23 = -4*j + 107. Let h be 3/4 - j/(-4). Let b(t) = 3*t**2 + 7*t - 3. Let y be b(h). Calculate the highest common factor of y and 21.
21
Let n(s) = s**3 + 6*s**2 - 11. Let h be n(-5). Suppose -31 = -2*o + y, 3*y - 58 = -5*o - y. What is the greatest common factor of h and o?
14
Suppose -5*o = -4*o + 4. Let w = o + 37. What is the highest common factor of 11 and w?
11
Suppose 13*h - 14*h = -10. Calculate the greatest common divisor of h and 10.
10
Let j = 9 + 4. Let q = -7 + j. What is the greatest common factor of 15 and q?
3
Let a = 2 - -5. Suppose 0 = -5*i + 121 + 194. Calculate the highest common divisor of a and i.
7
Let u(g) = g**2 - g. Let l(c) be the second derivative of c**3/2 + c**2 + 2*c. Let b be l(-2). Let f be u(b). What is the highest common divisor of f and 4?
4
Let m(i) = -3*i**3 - i**2 - i - 2. Let o be m(-2). Calculate the greatest common divisor of o and 5.
5
Suppose 12*b - 2260 = 1832. What is the greatest common factor of 11 and b?
11
Suppose 2377 - 217 = 3*r. Suppose 0 = 6*p - p - r. Calculate the highest common factor of 18 and p.
18
Suppose -u + 15 = 4*u. What is the highest common divisor of 21 and u?
3
Let c(b) = -b**3 + 12*b**2 - 13*b. Let l be c(10). Calculate the greatest common divisor of 10 and l.
10
Let j = 3 + -6. Let q(a) = a + 4. Let k be q(j). Let i be (-8)/5*(-9 - k). What is the greatest common divisor of 24 and i?
8
Suppose 7 = 3*w - 2. Let a(l) = 10*l**2 - 2*l + 4. Let z be a(w). Calculate the highest common divisor of 8 and z.
8
Suppose b - 2*b - 5*l = -42, 3*l - 90 = -3*b. Let f = b - 7. Let g be 2/5 + 1092/f. Calculate the highest common factor of 22 and g.
11
Let p = 9 + -5. Suppose -8 - p = -2*c. What is the highest common factor of c and 9?
3
Let x(p) = -p - 4. Let k be x(-10). Let f(i) = 3*i**2 + 2*i - 8. Let u be f(k). Let h = -30 + 44. Calculate the greatest common factor of u and h.
14
Let l(d) = d**3 + d - 1. Let w(m) = m**3 + 4*m**2 + 9*m. Let t(j) = -2*l(j) + w(j). Let v be t(5). What is the highest common factor of v and 108?
12
Suppose 2*o - 3*w - 7 = 0, o - 2*w - 5 = -2. Calculate the highest common factor of o and 2.
1
Let n be 15*(10/3 - 3). Suppose 324 = n*k + 3*y, 2*k = 6*k - y - 249. Let v be ((-5)/2 + -1)*-2. Calculate the greatest common factor of v and k.
7
Let g be (3 + -2)/((-1)/(-6)). Suppose 0 = 2*k + 3*f - 6, 5*k - 5*f = g + 9. Suppose 2 = -k*t + 11. Calculate the highest common factor of t and 21.
3
Suppose -k - 5*q - 2 + 1 = 0, -19 = -k - q. What is the greatest common divisor of k and 36?
12
Let h be ((-3)/(-3) + 0)*4. Suppose 2*j - 5*j = 2*a - 14, -h*a = 3*j - 16. Let m be 1/(a/(-4))*-2. Calculate the greatest common factor of m and 12.
4
Let g(i) = 35*i - 30. Let o be g(6). Calculate the greatest common divisor of 45 and o.
45
Let i = 71 - 61. What is the greatest common divisor of 35 and i?
5
Let g = 48 - -108. What is the highest common divisor of 12 and g?
12
Suppose d - 15 = -2*d. Suppose 1 = d*t - 24. Suppose l + 8 = t*l. Calculate the highest common divisor of 6 and l.
2
Suppose 2*m - 3*w - 75 = 0, -5*m + 61 = 2*w - 98. What is the greatest common divisor of 66 and m?
33
Suppose 2*l = -3*l + 140. Suppose 0 = -a - a + l. Suppose 5*r + 2*g - a = 0, 5*g - 14 = -4*r + 2*g. What is the highest common factor of r and 2?
2
Suppose -5*r = -r - 44. Calculate the greatest common divisor of r and 88.
11
Let u be 3/3*6 + -1. Suppose 0 = 4*m - u*q - 25, -3*m + m + 5 = 5*q. What is the greatest common divisor of 20 and m?
5
Suppose 220 = 4*b - 92. Calculate the greatest common factor of b and 26.
26
Let u be ((-4)/6)/((-2)/(-6)). Let c be -1*u*(-38)/(-4). Let g be 285/(-3)*2/(-10). What is the highest common divisor of c and g?
19
Suppose -2*z - 72 = -3*z. Let f = z + -42. Suppose -40 = -6*n + 2*n. What is the highest common factor of n and f?
10
Suppose -3*g + 57 = g + 3*r, -4*r + 60 = 4*g. Suppose 0*d + 4*d + 296 = 3*h, -h + 92 = 2*d. Calculate the greatest common factor of g and h.
12
Suppose -2*y = 3 + 3. Let c(f) = -21*f - 3. Let j be c(y). What is the highest common divisor of 20 and j?
20
Let s be 180/(-63)*(-7)/2. Calculate the greatest common factor of s and 20.
10
Suppose 1692 = 19*n - 7*n. Calculate the highest common factor of n and 94.
47
Suppose l - 6 = 3. Suppose -154 = -2*r - 28. Calculate the greatest common divisor of r and l.
9
Suppose 2*f = -0*f + 8. Let b = f - 4. Let n = b + 6. Calculate the highest common factor of n and 3.
3
Let y(q) = -5*q**3 + q**2. Let k be y(-2). Suppose -4*v = -5*b - k, -3*b = -4*v + 10 + 26. What is the greatest common divisor of v and 3?
3
Let v be 1 - (1 - (0 - -2)). Suppose -2*c - 4*j = 4, 2*c + 2*c - 12 = v*j. What is the greatest common divisor of c and 4?
2
Let o = -5 - -10. Suppose -4*l - o*f + 40 = 0, -l - 2 = 2*f - 15. Suppose 3 = q - l. Calculate the highest common factor of 8 and q.
8
Let c be 18*((-13)/(-6) + -2). What is the highest common divisor of c and 69?
3
Let a = 8 + 20. Let q = a + -16. What is the greatest common factor of q and 4?
4
Let v(h) = 3*h**2 + 2*h - 3. Let g be v(-3). Suppose -4*c + 38 = -5*p, 0*p + 3*p + 33 = -c. Let u be (-2)/p*-2*-5. What is the highest common factor of g and u?
2
Suppose r = -3*r + 72. Suppose 3*y = -7 - 2. Let i(g) = -g - 1. Let h be i(y). What is the highest common factor of r and h?
2
Suppose -3*h - a = -6*h + 42, 0 = 4*h + a - 56. Calculate the highest common factor of 7 and h.
7
Let n(u) = 5*u**2 + 5*u + 6. Let y be n(-4). Suppose 3*x + 3*v = -0*v + y, 29 = 2*x - v. Calculate the highest common divisor of 34 and x.
17
Suppose -5*o = -h - 70, 55 = 5*o + 3*h - 15. What is the greatest common divisor of o and 14?
14
Let x be (0/(-4))/((-3)/(-3)). Let r be 6 - (x + -1 - 0). Suppose -m = h - 44, 0 = -3*h - h + 4*m + 216. What is the greatest common factor of h and r?
7
Let p be (-184)/18 - (-4)/18. Let o = p - -11. Calculate the highest common divisor of 7 and o.
1
Suppose -18 - 2 = -5*g. What is the greatest common divisor of 6 and g?
2
Suppose -2*d = -6*d +